(-1 - 0)?
1
Let h(s) = s**2 + 11*s + 6. Let j be h(-11). What is the units digit of (-32)/j*6/(-4)?
8
Let a(d) = -d**3 - d**2 - d + 5. Suppose 0 = -3*q + 5*h - 10*h + 10, -2*h + 4 = -q. What is the units digit of a(q)?
5
Suppose 3*j + k = 123, 47 = 5*j - 2*k - 147. Suppose -j = -l - m, 2*l - 38 = -4*m + 36. What is the units digit of l?
3
Let z = 0 + 0. Suppose z = -5*o - 9 - 46. Let x = -5 - o. What is the units digit of x?
6
Suppose 0 = -4*x + 8, 7*b + 4*x = 4*b + 14. Suppose b*d - 2*i - 47 = -i, 5*d - 123 = -3*i. What is the tens digit of d?
2
Let j = -2 - 8. Let i be 8/j*(-10)/2. Let x = i + 3. What is the units digit of x?
7
Let j(n) = -n**2 - 5*n. Let f be j(-4). Let v(u) = u**3 - 3*u**2 - 4*u - 2. Let s be v(f). Let d(r) = -6*r + 2. What is the units digit of d(s)?
4
Suppose -a = -17 - 5. Let y(o) = 3*o - 2. Let b be y(2). Suppose -3*f = b - a. What is the units digit of f?
6
Let r(y) = 13*y - 7. What is the tens digit of r(4)?
4
Let g = -18 - -37. Suppose -7*h - g = -8*h. What is the tens digit of h?
1
Suppose -4*p + 2*u = 0, -p - 5*u + 5 = 16. Let g(j) = j + 1. Let k be g(p). Let t(a) = -a**2 - a + 12. What is the tens digit of t(k)?
1
Let p = 218 - 118. Suppose 3*l + 2*v = -v + 57, 5*l + 4*v = p. What is the tens digit of l?
2
Suppose 6 = -2*d - 0*d. What is the units digit of 5/(-1*d/6)?
0
Suppose -c - 3 - 2 = -4*a, -a - 5*c + 17 = 0. Suppose -5 + a = -n. Suppose -28 = -n*w - y, w - 5*y + 44 = 4*w. What is the units digit of w?
8
Let t be (-6)/10 + (-158)/(-5). Suppose -5*a + t = 4*g, 10 = -a + 3*g + 1. What is the units digit of 0*(a + -2) + 6?
6
Let s(g) be the first derivative of -g**5/20 + g**4/2 - 5*g**3/6 + 2*g + 1. Let t(c) be the first derivative of s(c). What is the units digit of t(4)?
2
Let d be 7/(28/(-8)) - -1. What is the units digit of (-624)/(-18) + d/(-3)?
5
Let a be (-1 + -2)*14/(-21). Suppose -a - 8 = -2*k. Suppose -64 = x - k*x. What is the tens digit of x?
1
Let y be (-4)/(-22) + (-1314)/(-33). Suppose 4*j - y = 32. What is the tens digit of j?
1
Suppose 0 = -w - 1, 5*v + 5*w - 5 = 0. What is the tens digit of v/(-4) + 259/14?
1
Let l be ((-3)/(-3) - 9)/(-2). What is the tens digit of 73/l - (-9)/(-36)?
1
Let x(s) = s + 6. Let w be x(-6). Suppose -3*j = -w*j - 60. What is the units digit of j?
0
Suppose -m = 3*m + 8. Let u = -4 + 9. Let y = u - m. What is the units digit of y?
7
Let a = -48 + 142. Let r = a - 50. What is the units digit of r?
4
Suppose 3*f = f + 8. Suppose 0 = -2*m + 3*l - f*l + 57, 5*l - 75 = -3*m. What is the units digit of m?
0
What is the units digit of 12/78 + (-154)/(-13)?
2
Suppose v - 1 = 1. Suppose 3*z = -v*z. Suppose z*f + 2*f = 8. What is the units digit of f?
4
Let q(t) = 2*t**2 + 0*t**3 + 1 - t**3 + 4 - 12*t**2. Let h be q(-10). Suppose 0 = -h*i - p + 29, -4*i + 3*p = -2*p. What is the units digit of i?
5
Let k = 41 + -61. What is the units digit of (24/(-10))/(6/k)?
8
Let x(i) = -3*i - 2. Let q be x(8). Let b = q + 39. Suppose 2*d = 5*g + 34, -g - b = 5*d - 98. What is the tens digit of d?
1
Suppose 3*f = -5*v + 71, -f - 4*v = 4*f - 101. What is the tens digit of f?
1
Suppose -3*k = 3*x - 966, -644 = -5*x + 3*x - 5*k. What is the units digit of x?
2
Suppose -7*h + 2*h - 135 = 0. Let m = -5 - h. What is the units digit of m?
2
Suppose 3*f - 3 = -3*m - 0*m, -5*m + 14 = -4*f. Suppose 4*b + 19 = 2*a + 1, -m = 2*b. What is the units digit of a?
7
Let b(r) = r - 10. Let a be b(9). Let c be (5 + 2)/(a/(-1)). Let q = 14 - c. What is the units digit of q?
7
Let d(g) = -4*g - 11. Let a(m) = -5*m - 12. Let z(s) = -6*a(s) + 7*d(s). Let k(v) = 7*v**2 - v. Let c be k(1). What is the units digit of z(c)?
7
Let d = -15 - -11. Let o be 1*(-1 + (-1 - d)). What is the units digit of o/(8/2)*2?
1
Let n be -4 + -37*4 - -1. Let q = -106 - n. What is the units digit of q?
5
Let b = -9 + 17. Suppose 2*o + 5*u + b = 0, 3*o + 3*u + 3 = -0*o. What is the units digit of o?
1
Suppose -q + 2 = d, d + 4*q + 3 + 4 = 0. Suppose -4*h = 3*y - 5, 0 = -4*h - d*y + 6*y + 25. Suppose 0 = 2*r - 17 - h. What is the tens digit of r?
1
Suppose 4*g + 3*m - 4*m = 201, -3*m + 83 = 2*g. What is the tens digit of g?
4
Suppose -2*b + 136 + 86 = 0. What is the hundreds digit of b?
1
Suppose -s + 2*m + 28 = 0, -m = -7*s + 2*s + 122. What is the units digit of s?
4
What is the hundreds digit of 347/2 - 12/(-24)?
1
Let g(a) = a**3 - 16*a**2 + 15*a - 17. Let n be g(15). Let p = -12 - n. What is the units digit of p?
5
Let d(s) = -12*s**3 + 3*s**2 + s. What is the tens digit of d(-1)?
1
Let f be 6/4*8/(-12). What is the tens digit of (-2)/3*(-29 + f)?
2
Let u(w) = w**3 + 4*w**2 + 4*w + 3. Let s be u(-3). Suppose 0 = q + 2 + 2, 2*m + q - 30 = s. What is the tens digit of m?
1
Let o = 48 - -26. What is the units digit of o?
4
Let g be (-1)/4 - 123/4. Let q = g + 52. Suppose -q - 59 = -5*l. What is the tens digit of l?
1
Let k be (-50)/6 - (-2)/(-3). Let s(a) = -a**2 - 10*a - 4. Let x be s(k). Suppose b + 2*h = 10, b - x*b = h - 19. What is the units digit of b?
4
Let i(p) be the third derivative of p**6/120 + p**5/20 - p**4/6 - 2*p**3/3 + p**2. What is the units digit of i(-3)?
8
Let o be 4/(-10) + 12/5. Let w(y) be the third derivative of y**5/60 + y**4/24 + y**3/3 - 2*y**2. What is the units digit of w(o)?
8
Let v = -3 + 17. Let u = v + -5. Suppose 0*n = 3*n - u. What is the units digit of n?
3
Let c(f) = -2*f**2 - 62*f + 13. What is the tens digit of c(-30)?
7
Let o(g) = -5*g - 11. Let k = 3 + -7. What is the units digit of o(k)?
9
Suppose -3*x = -0*x - 75. Suppose -4*c + x = c. Let i = 14 - c. What is the units digit of i?
9
Suppose -13 = -3*y - w, 4*y + 3*w = 24 - 10. What is the units digit of y?
5
Let z = -4 - -31. What is the units digit of z?
7
Let o(f) = 3*f**2 - 12*f + 3. What is the units digit of o(-8)?
1
Suppose -y + 4*g + 102 = 0, 0 = -g - 2*g - 15. What is the tens digit of y?
8
Let g = -13 + 199. What is the tens digit of g?
8
Suppose 0 = o - 4*o - 4*n + 2, 4*n = 2*o + 32. What is the units digit of (21/o)/(-7)*48?
4
Suppose -6 = -5*t - p - 1, -p = -t + 7. Suppose -2*k = t*k. Suppose k = 3*r - 5*m + 7 - 54, -4*r + 4*m + 52 = 0. What is the units digit of r?
9
Let f(x) = x - 27. Let l be f(0). Let p = l - -49. What is the units digit of p?
2
Suppose 3*c - 1 = 5*k + 8, 0 = 2*k + c - 3. Suppose k = -d - 0 + 8. What is the units digit of d?
8
Let c(z) = -2*z. Let n(u) = -u**3 + 11*u**2 + 13*u - 16. Let s be n(12). What is the units digit of c(s)?
8
Let a be 5*-2*1/(-2). Suppose -a*m = 41 + 79. What is the units digit of 1/(((-9)/m)/3)?
8
Let b(n) be the second derivative of 1/2*n**2 + 1/3*n**3 + 1/6*n**4 + 0 + 3*n. What is the units digit of b(2)?
3
Let k(a) = -3*a - 2. Suppose -5*l - 32 = -4*u - 12, -u - 16 = 4*l. Suppose -z + u = 3. What is the units digit of k(z)?
7
Suppose -3*j - 83 = -671. What is the hundreds digit of j?
1
Let x(w) = w - 8. Let j(b) = -4*b + 25. Let v(u) = 2*j(u) + 7*x(u). Let t be v(-8). What is the units digit of 19 + (-3)/3 - t?
6
Suppose 0*x - 7 = x - 2*v, -11 = 5*x - 2*v. What is the tens digit of x*(-13 - (-5 + 2))?
1
Let g(c) be the second derivative of c**3/6 - 19*c**2/2 + 2*c. Let k(x) = x - 10. Let m(b) = 3*g(b) - 5*k(b). What is the units digit of m(-6)?
5
Let c be 23/7 + 2/(-7). Let a(k) = k**3 - k**2 + k - 1. What is the units digit of a(c)?
0
Suppose -4*l + 2227 = 13*l. What is the tens digit of l?
3
What is the units digit of ((-4)/20 - 0)*-5?
1
Suppose -3*o = -8*o + 110. What is the tens digit of o?
2
Let k = -9 - -14. Suppose 4*z - k = -z. What is the units digit of z?
1
Let k be 1 - 1/(-1)*9. Let y = k + 0. Let h = y - 2. What is the units digit of h?
8
Suppose -3*a - 2*s + 5 = 0, 5*a + 0*s - 4*s = 45. Suppose 0 = -a*y - 6 + 1. What is the units digit of (5/(-3))/(y/3)?
5
Suppose -4*o + 113 = 5*r - 123, 0 = -4*r + 3*o + 164. What is the units digit of r?
4
Suppose h + 2*h = 4*q - 14, q = 4*h + 10. Let s(g) = -g + 1. Let w(b) = b**2 + 5*b - 3. Let v(x) = 4*s(x) + w(x). What is the units digit of v(q)?
7
Let j(f) be the first derivative of -3*f**2/2 - 3*f - 2. What is the units digit of j(-6)?
5
Let k = 11 - -14. Suppose 0*i + 3*x = 3*i - 84, -k = 5*x. What is the tens digit of i?
2
Let s(d) be the third derivative of 0*d + 1/4*d**4 + 1/6*d**3 + 0 - 2*d**2. What is the units digit 